{"id":16,"date":"2024-04-16T12:16:07","date_gmt":"2024-04-16T10:16:07","guid":{"rendered":"https:\/\/besfremach.cz\/?page_id=16"},"modified":"2024-06-10T23:17:29","modified_gmt":"2024-06-10T21:17:29","slug":"mesmerize","status":"publish","type":"page","link":"https:\/\/besfremach.cz\/","title":{"rendered":"Front Page"},"content":{"rendered":"<div  id=\"overlappable-4\" style=\"background-color: #ffffff;\" data-label=\"Overlappable\" data-id=\"overlappable-4\" data-export-id=\"overlappable-4\" data-category=\"overlappable\" class=\"overlappable-4 content-section content-section-spacing\" data-overlap=\"true\"><div  class=\"gridContainer\"> <div  data-type=\"row\" class=\"row spaced-cols text-center\"><div  class=\"col-xs-12 col-sm-4 col-padding\"> <i  class=\"fa icon shadow-large-black aligncenter color1 fa-bold reverse round large\"><\/i> <div  data-type=\"column\" class=\"\"> <h5  class=\"\">\u201eB\u201c jako BEAUTY<\/h5> <p  class=\"\">BEAUTY ozna\u010duj\u00edc\u00ed kr\u00e1su a to p\u0159edev\u0161\u00edm kr\u00e1su vlas\u016f, kter\u00e1 je umocn\u011bna vysp\u011blou vlasovou kosmetikou,kter\u00e1 p\u0159isp\u00edv\u00e1 k pocitu celkov\u00e9 du\u0161evn\u00ed i fyzick\u00e9 pohody.<\/p><\/div> <\/div> <div  class=\"col-xs-12 col-sm-4 col-padding\"> <i  class=\"fa icon shadow-large-black aligncenter color1 fa-etsy reverse round large\"><\/i> <div  data-type=\"column\" class=\"\"><h5  class=\"\">\u201eE\u201c jako EXPERIENCE<\/h5> <p  class=\"\">EXPERIENCE ozna\u010duj\u00edc\u00ed aktivn\u00ed zku\u0161enost a to jak kade\u0159n\u00edk\u016f, tak obchodn\u00edch z\u00e1stupc\u016f, kte\u0159\u00ed se zna\u010dkou pracuj\u00ed. E je rovn\u011b\u017e ch\u00e1p\u00e1no jako EXKLUZIVN\u00cd \u0159ada vlasov\u00fdch p\u0159\u00edpravk\u016f, kter \u00e9 jsou nab\u00edzeny pouze v kade\u0159nick\u00fdch salonech.<\/p><\/div> <\/div> <div  class=\"col-xs-12 col-sm-4 col-padding\"> <i  class=\"fa icon shadow-large-black aligncenter color1 fa-scribd reverse round large\"><\/i> <div  data-type=\"column\" class=\"\"><h5  class=\"\">\u201eS\u201c jako SCIENCE<\/h5> <p  class=\"\">SCIENCE ozna\u010duj\u00edc\u00ed v\u011bdeck\u00e9 poznatky aplikovan\u00e9 v p\u00e9\u010di o vlasy, p\u0159edstavuj\u00edc\u00ed<\/p><\/div> <\/div><\/div> <\/div><\/div><div  id=\"about-1\" style=\"background-color: #f5fafd;\" data-label=\"About\" data-id=\"about-1\" data-export-id=\"about-1\" data-category=\"about\" class=\"about-1 content-section\"><div  class=\"gridContainer\"> <div  class=\"row text-center\"><div  class=\"section-title-col\" data-type=\"column\">  <h2  class=\"\">Fremach servis s.r.o.<\/h2> <p  class=\"lead\">je ofici\u00e1ln\u00edm distributorem pro \u010ceskou republiku italsk\u00fdch zna\u010dek<br >\u2022 BES Beauty &amp; Science \u2013 profesion\u00e1ln\u00ed italsk\u00e1 vlasov\u00e1 kosmetika p\u0159\u00edtomna ve v\u00edce ne\u017e 80 zem\u00edch sv\u011bta<br >\u2022 Leader CAM \u2013 \u0159ad\u00ed se mezi nejlep\u0161\u00ed v\u00fdrobce n\u016f\u017eek pro kade\u0159n\u00edky<br >\u2022 Salon Ambience \u2013 vybaven\u00ed kade\u0159nick\u00fdch salon\u016f<br >\u2022 Medical &amp; Beauty \u2013 vybaven\u00ed kosmetick\u00fdch salon\u016f<br >\u2022 Mareb \u2013 pom\u016fcky pro kade\u0159nick\u00e9 sal\u00f3ny<br >\u2022 Ceriotti \u2013 dopl\u0148ky pro kade\u0159nick\u00e9 sal\u00f3ny (voz\u00edky..)<\/p><\/div> <\/div> <div  class=\"row\"> <div  class=\"button-holder space-bottom space-bottom-small\" data-type=\"column\"> <a class=\"button color1\" href=\"tel:+420 773 688 122\" target=\"_self\" data-cp-link=\"1\" rel=\"noopener\">Zavolat Fremach servis<\/a><\/div> <div  class=\"col-xs bottom-xs flexbox image-group-bottom-3-img space-bottom-xs center-xs\"> <img  decoding=\"async\" class=\"left-img shadow-large-black\" data-size=\"500x300\" src=\"https:\/\/besfremach.cz\/wp-content\/uploads\/2024\/06\/cropped-fragrance-melon-juice-v1.png\" title=\"cropped-fragrance-melon-juice-v1.png\" alt=\"\"> <img  decoding=\"async\" class=\"center-img shadow-large-black\" data-size=\"500x300\" src=\"https:\/\/besfremach.cz\/wp-content\/uploads\/2024\/06\/cropped-310387036_5247506645359471_2235309434640061520_n.jpg\" title=\"cropped-310387036_5247506645359471_2235309434640061520_n.jpg\" alt=\"\"> <img  decoding=\"async\" class=\"right-img shadow-large-black\" data-size=\"500x300\" src=\"https:\/\/besfremach.cz\/wp-content\/uploads\/2024\/06\/midopla1a.png\" title=\"Repair box\" alt=\"\"><\/div> <\/div><\/div> <\/div><div  id=\"features-3\" style=\"background-color: #ffffff;\" data-label=\"Features\" data-id=\"features-12-card-bordered\" data-export-id=\"features-12-card-bordered\" data-category=\"features\" class=\"features-12-card-bordered content-section content-section-spacing \"><div  class=\"gridContainer\"> <div  class=\"row text-center\"><div  class=\"section-title-col\" data-type=\"column\"> <h2  class=\"\">Fremach servis Praha<\/h2> <p  class=\"lead\">Ofici\u00e1ln\u00ed distributor profesion\u00e1ln\u00ed italsk\u00e9 vlasov\u00e9 kosmetiky BES<\/p><\/div> <\/div> <div  class=\"row spaced-cols\" data-type=\"row\"> <div  class=\"col-sm-6\"> <div  class=\"card row-card bordered y-move\"> <div  class=\"row\"> <div  class=\"col-sm-fit icon-column\"> <i  class=\"fa icon color2 fa-cut reverse round\"><\/i> <\/div> <div  class=\"col-sm\" data-type=\"column\"> <h5  class=\"color2\">PROD\u00c1V\u00c1ME<\/h5> <p  class=\"\">Kade\u0159nick\u00e9 pom\u016fcky, produkty pro vlasovou kosmetiku a luxusn\u00ed a \u00fa\u010delov\u00e9 za\u0159\u00edzen\u00ed pro kade\u0159nick\u00e9 a kosmetick\u00e9 salony.<\/p><\/div> <\/div><\/div> <\/div> <div  class=\"col-sm-6\"> <div  class=\"card row-card bordered y-move\"> <div  class=\"row\"> <div  class=\"col-sm-fit icon-column\"> <i  class=\"fa icon color2 fa-group reverse round\"><\/i> <\/div> <div  class=\"col-sm\" data-type=\"column\"> <h5  class=\"color2\">\u0160KOL\u00cdME<\/h5> <p  class=\"\">Po\u0159\u00e1d\u00e1me \u0161kolen\u00ed produkt\u016f vlasov\u00e9 kosmetiky, semin\u00e1\u0159e, kurzy barv\u00edc\u00edch, odbarvovac\u00edch, \u0161t\u0159ihov\u00fdch technik v oblasti \u00fa\u010desov\u00e9 tvorby.<\/p><\/div> <\/div><\/div> <\/div> <div  class=\"col-sm-6\"> <div  class=\"card row-card bordered y-move\"> <div  class=\"row\"> <div  class=\"col-sm-fit icon-column\"> <i  class=\"fa icon color2 fa-bomb reverse round\"><\/i> <\/div> <div  class=\"col-sm\" data-type=\"column\"> <h5  class=\"color2\">CHAINPLEX<\/h5> <p  class=\"\">Nov\u00e1 ochran\u00e1 k\u016fra a rekonstrukce vlasov\u00e9ho vl\u00e1kna \u2013 pro v\u0161echny, kte\u0159\u00ed cht\u011bj\u00ed m\u00edt zdrav\u00e9 vlasy s p\u0159irozen\u00fdmz\u00e1\u0159iv\u00fdm vzhledem.<\/p><\/div> <\/div><\/div> <\/div> <div  class=\"col-sm-6\"> <div  class=\"card row-card bordered y-move\"> <div  class=\"row\"> <div  class=\"col-sm-fit icon-column\"> <i  class=\"fa icon color2 fa-first-order reverse round\"><\/i> <\/div> <div  class=\"col-sm\" data-type=\"column\"> <h5  class=\"color2\">HERGEN BEAUTY<\/h5> <p  class=\"\">Hergen Beauty &amp; Wellness Solution \u2013 pro v\u0161echny, kte\u0159\u00ed cht\u011bj\u00ed pos\u00edlit vlasy oslaben\u00e9 stresem, mechanick\u00fdm zat\u00ed\u017een\u00edm a chemik\u00e1liemi.<\/p><\/div> <\/div><\/div> <\/div><\/div> <\/div><\/div><div  data-label=\"About\" data-id=\"about--3\" data-export-id=\"about-9\" data-category=\"about\" class=\"about-9 content-section content-section-spacing\" id=\"about-4\" style=\"background-color: rgb(245, 250, 253);\"><div  class=\"gridContainer\"> <div  class=\"row middle-sm text-center\"><div  class=\"col-sm-5 space-bottom-xs content-column content-right-sm\" data-type=\"column\"> <h5  class=\"\">FREMACH SERVIS AKCE<\/h5> <h2  class=\"\">AKCE DO 13.7.2024<\/h2> <p  class=\"\"><img  decoding=\"async\" draggable=\"false\" role=\"img\" class=\"emoji\" alt=\"\ud83c\udf1f\" src=\"https:\/\/s.w.org\/images\/core\/emoji\/15.0.3\/svg\/1f31f.svg\"><img  decoding=\"async\" draggable=\"false\" role=\"img\" class=\"emoji\" alt=\"\u2728\" src=\"https:\/\/s.w.org\/images\/core\/emoji\/15.0.3\/svg\/2728.svg\"><img  decoding=\"async\" draggable=\"false\" role=\"img\" class=\"emoji\" alt=\"\ud83d\udca5\" src=\"https:\/\/s.w.org\/images\/core\/emoji\/15.0.3\/svg\/1f4a5.svg\">AKCE<img  decoding=\"async\" draggable=\"false\" role=\"img\" class=\"emoji\" alt=\"\ud83d\udca5\" src=\"https:\/\/s.w.org\/images\/core\/emoji\/15.0.3\/svg\/1f4a5.svg\"><img  decoding=\"async\" draggable=\"false\" role=\"img\" class=\"emoji\" alt=\"\u2728\" src=\"https:\/\/s.w.org\/images\/core\/emoji\/15.0.3\/svg\/2728.svg\"><img  decoding=\"async\" draggable=\"false\" role=\"img\" class=\"emoji\" alt=\"\ud83c\udf1f\" src=\"https:\/\/s.w.org\/images\/core\/emoji\/15.0.3\/svg\/1f31f.svg\"><br >platn\u00e1 od 14\/5 do 13\/7\n<br >p\u0159i koupi 24 kus\u016f barvy BES HI-FI\n<br >D\u00c1REK:<br >(pen\u011b\u017eenku-pouzdro na mobil-p\u0159ihr\u00e1dka na karty)\n<br >zn. Coveri Collection<\/p> <a class=\"button color1\" href=\"tel:+420 773 688 122\" target=\"_self\" data-cp-link=\"1\" rel=\"noopener\">Volat Fremach servis<\/a><\/div> <div  class=\"col-sm-7 flexbox flexbox middle-xs center-xs space-bottom-xs\"><div  class=\"overlay-box flexbox middle-xs center-xs overlay-holder \"> <div  class=\"overlay-box-offset offset-background shadow-medium bg-color2 hide-xs\"><\/div> <img  decoding=\"async\" class=\"flexbox shadow-large img1\" src=\"https:\/\/besfremach.cz\/wp-content\/uploads\/2024\/06\/fc2v1-e1718051483118.jpg\" data-size=\"600x400\" title=\"fc2v1\" alt=\"\"><\/div> <\/div><\/div> <\/div><\/div><div  data-label=\"About\" data-id=\"about--2\" data-export-id=\"about-10\" data-category=\"about\" class=\"about-10 content-section content-section-spacing\" id=\"about-3\" style=\"background-color: rgb(245, 250, 253);\"><div  class=\"gridContainer\"> <div  class=\"row middle-sm text-center\"><div  class=\"col-sm-5 space-bottom-xs content-column\" data-type=\"column\"> <h5  class=\"\">Fremach servis Praha<\/h5> <h2  class=\"\">LIGHTENING KNOWLEDCE<\/h2> <p  class=\"\"><img  decoding=\"async\" draggable=\"false\" role=\"img\" class=\"emoji\" alt=\"\u203c\ufe0f\" src=\"https:\/\/s.w.org\/images\/core\/emoji\/15.0.3\/svg\/203c.svg\"><img  decoding=\"async\" draggable=\"false\" role=\"img\" class=\"emoji\" alt=\"\u2757\ufe0f\" src=\"https:\/\/s.w.org\/images\/core\/emoji\/15.0.3\/svg\/2757.svg\">POZOR ZM\u011aNA : ZA\u010c\u00cdN\u00c1ME U\u017d V 8:30<img  decoding=\"async\" draggable=\"false\" role=\"img\" class=\"emoji\" alt=\"\u203c\ufe0f\" src=\"https:\/\/s.w.org\/images\/core\/emoji\/15.0.3\/svg\/203c.svg\"><img  decoding=\"async\" draggable=\"false\" role=\"img\" class=\"emoji\" alt=\"\u2757\ufe0f\" src=\"https:\/\/s.w.org\/images\/core\/emoji\/15.0.3\/svg\/2757.svg\"><br ><img  decoding=\"async\" draggable=\"false\" role=\"img\" class=\"emoji\" alt=\"\ud83c\udf08\" src=\"https:\/\/s.w.org\/images\/core\/emoji\/15.0.3\/svg\/1f308.svg\">LIGHTENING KNOWLEDGE<br ><img  decoding=\"async\" draggable=\"false\" role=\"img\" class=\"emoji\" alt=\"\u26a1\ufe0f\" src=\"https:\/\/s.w.org\/images\/core\/emoji\/15.0.3\/svg\/26a1.svg\">Hloubkov\u00e9 sezn\u00e1men\u00ed s odbarvovac\u00edmi p\u0159\u00edpravky a aktiv\u00e1tory<br ><img  decoding=\"async\" draggable=\"false\" role=\"img\" class=\"emoji\" alt=\"\u26a1\ufe0f\" src=\"https:\/\/s.w.org\/images\/core\/emoji\/15.0.3\/svg\/26a1.svg\">Osvojen\u00ed si technik a znalost\u00ed, kter\u00e9 dovol\u00ed realizovat servis 360\u00b0 s extr\u00e9mn\u00ed p\u0159esnost\u00ed a jistotou<br ><img  decoding=\"async\" draggable=\"false\" role=\"img\" class=\"emoji\" alt=\"\ud83c\udfaf\" src=\"https:\/\/s.w.org\/images\/core\/emoji\/15.0.3\/svg\/1f3af.svg\">Kdy :  10.6.2024 a 11.6.2024<br ><img  decoding=\"async\" draggable=\"false\" role=\"img\" class=\"emoji\" alt=\"\ud83c\udfaf\" src=\"https:\/\/s.w.org\/images\/core\/emoji\/15.0.3\/svg\/1f3af.svg\">\u010cas :  8:30 \u2013 16:00<br ><img  decoding=\"async\" draggable=\"false\" role=\"img\" class=\"emoji\" alt=\"\ud83c\udfaf\" src=\"https:\/\/s.w.org\/images\/core\/emoji\/15.0.3\/svg\/1f3af.svg\">Kde :  Bes-Fremach Academy Praha<br ><img  decoding=\"async\" draggable=\"false\" role=\"img\" class=\"emoji\" alt=\"\ud83d\udd25\" src=\"https:\/\/s.w.org\/images\/core\/emoji\/15.0.3\/svg\/1f525.svg\">v\u00edce info na:<br ><img  decoding=\"async\" draggable=\"false\" role=\"img\" class=\"emoji\" alt=\"\ud83d\udcec\" src=\"https:\/\/s.w.org\/images\/core\/emoji\/15.0.3\/svg\/1f4ec.svg\"> obchod@fremachservis.cz<\/p> <\/div> <div  class=\"col-sm-7 flexbox middle-xs center-xs space-bottom-xs\"><div  class=\"overlay-box middle-xs center-xs flexbox\"> <div  class=\"overlay-box-offset offset-border shadow-medium border-color1 hide-xs\"><\/div> <img  decoding=\"async\" class=\"shadow-large\" data-size=\"485x705\" src=\"https:\/\/besfremach.cz\/wp-content\/uploads\/2024\/06\/seminar-202406b2.png\" title=\"seminar 202406b2\" alt=\"\"><\/div> <\/div><\/div> <\/div><\/div><div  data-label=\"About\" data-id=\"about--1\" data-export-id=\"about-4\" data-category=\"about\" class=\"about-4 content-section content-section-spacing\" id=\"about-2\" style=\"background-color: rgb(245, 250, 253);\"><div  class=\"gridContainer\"> <div  class=\"row middle-sm text-center\"><div  class=\"col-sm-5 space-bottom-xs\" data-type=\"column\"> <h5  class=\"\">BES FREMACH SERVIS&nbsp;<\/h5> <h2  class=\"\">Dvoum\u011bs\u00ed\u010dn\u00ed akce<\/h2> <p  class=\"\">Akce pro st\u00e1vaj\u00edc\u00ed klienty na kv\u011bten a \u010derven<br >Akce plat\u00ed do 30.6.2024 a je zam\u011b\u0159ena na vybran\u00e9 produkty \u0159ady BES. Ke ka\u017ed\u00e9 objedn\u00e1vce z\u00edsk\u00e1te hodnotn\u00fd a kvalitn\u00ed d\u00e1rek firmy BES Beauty &amp; Science.<\/p> <a class=\"button color1\" href=\"tel:%20+420%20773%20688%20122\" target=\"_self\" data-cp-link=\"1\" rel=\"noopener\">Zavolat Fremach servis<\/a><\/div> <div  class=\"col-sm-7 flexbox center-xs middle-xs image-group-2-img\"> <img  decoding=\"async\" class=\"img-1 shadow-large\" data-size=\"250x200\" src=\"https:\/\/besfremach.cz\/wp-content\/uploads\/2024\/06\/2024_06_akce-dva_mesice_2m.jpg\" title=\"2024_06_akce-dva_mesice_2m\" alt=\"\"> <img  decoding=\"async\" class=\"img-2 shadow-large\" data-size=\"220x170\" src=\"https:\/\/besfremach.cz\/wp-content\/uploads\/2024\/06\/2024_06_akce-dva_mesice_1m.jpg\" title=\"2024_06_akce-dva_mesice_1m\" alt=\"\"><\/div> <\/div><\/div> <\/div><div  data-label=\"Content\" data-id=\"content--1\" data-export-id=\"content-12\" data-category=\"content\" class=\"content-12 content-section content-section-spacing\" id=\"content-15\" style=\"background-color: rgb(245, 250, 253);\"><div  class=\"gridContainer\"> <div  class=\"row text-center\"><div  class=\"section-title-col\" data-type=\"column\"> <h2  class=\"\">Zbo\u017e\u00ed z prodejny a\u017e k V\u00e1m dom\u016f<\/h2> <\/div> <\/div> <div  class=\"row center-xs middle-xs\"> <div  class=\"col-sm-9\" data-type=\"column\"> <img  decoding=\"async\" class=\"shadow-large\" src=\"https:\/\/besfremach.cz\/wp-content\/uploads\/2024\/06\/prodejna2.jpg\" title=\"prodejna2\" alt=\"\"><\/div> <\/div><\/div> <\/div><div  id=\"contact-1\" data-label=\"Contact\" data-id=\"contact-1\" data-export-id=\"contact-1\" data-category=\"contact\" class=\"contact-1 content-section content-section-spacing white-text\" data-parallax-depth=\"20\"><div  class=\"gridContainer\"> <div  class=\"row text-center\"><div  class=\"section-title-col\" data-type=\"column\"> <h2  class=\"\">Kontaktujte n\u00e1s<\/h2> <p  class=\"lead\">Pot\u0159ebujete poradit nebo zaslat nez\u00e1vaznou nab\u00eddku. Kontaktujte n\u00e1s, r\u00e1di V\u00e1m odpov\u00edme na ve\u0161ker\u00e9 dotazy.<\/p><\/div> <\/div> <div  class=\"row text-center\"> <div  class=\"col-xs-12 col-sm-8 col-sm-offset-2 contact-form-wrapper inline-info\"> <div  class=\"card large-padding\"> <div  class=\"\" data-content-shortcode=\"mesmerize_contact_form shortcode=&quot;Form id=&amp;amp;quot;1&amp;amp;quot;&quot;\" data-editable=\"true\"><div style=\"display:none\" class=\"fm-form-container fm-theme14\"><div id=\"fm-pages1\" class=\"fm-pages wdform_page_navigation \" show_title=\"\" show_numbers=\"1\" type=\"none\"><\/div><form name=\"form1\" action=\"\/index.php?rest_route=%2Fwp%2Fv2%2Fpages%2F16\" method=\"post\" id=\"form1\" class=\"fm-form form1  \" enctype=\"multipart\/form-data\"><input type=\"hidden\" id=\"fm_page_id1\" value=\"16\" name=\"fm_page_id1\" \/><input type=\"hidden\" id=\"fm_current_post_type1\" value=\"page\" name=\"fm_current_post_type1\" \/><input type=\"hidden\" id=\"counter1\" value=\"7\" name=\"counter1\" \/><input type=\"hidden\" id=\"Itemid1\" value=\"\" name=\"Itemid1\" \/><input type=\"hidden\" id=\"fm_shake1\" value=\"1\" name=\"fm_shake1\" \/><input type=\"text\" class=\"fm-hide\" id=\"fm_empty_field_validation1\" value=\"\" name=\"fm_empty_field_validation1\" data-value=\"bd736efb144d599cf463541431fbf5c4\" \/><div class=\"wdform-page-and-images fm-form-builder\"><div id=\"1form_view1\" class=\"wdform_page\" page_title=\"Untitled page\" next_title=\"Next\" next_type=\"text\" next_class=\"wdform-page-button\" next_checkable=\"true\" previous_title=\"Previous\" previous_type=\"text\" previous_class=\"wdform-page-button\" previous_checkable=\"false\"><div class=\"wdform_section\"><div class=\"wdform_column\"><div wdid=\"2\" class=\"wdform_row\"><div type=\"type_text\" class=\"wdform-field wd-width-100 wd-flex wd-flex-column fm-type_text\" ><div class=\"wdform-label-section wd-width-100  wd-flex-row wd-align-items-center\">    <label  for=\"wdform_2_element1\" class=\"wdform-label\">Va\u0161e jm\u00e9no<\/label><span class=\"wdform-required\">*<\/span><\/div><div class=\"wdform-element-section wd-flex  wd-flex-row wd-align-items-center wd-width-100\" ><input type=\"text\"                           class=\"wd-width-100\"                           id=\"wdform_2_element1\"                           name=\"wdform_2_element1\"                           value=\"\"                           data-value=\"\"                           title=\"\"                           placeholder=\"\"                                                       \/><\/div><\/div><\/div><\/div><div class=\"wdform_column\"><div wdid=\"3\" class=\"wdform_row\"><div type=\"type_submitter_mail\" class=\"wdform-field wd-width-100 wd-flex wd-flex-column fm-type_submitter_mail\" ><div class=\"wdform-label-section wd-width-100  wd-flex-row\">    <label  for=\"wdform_3_element1\" class=\"wdform-label\">Email<\/label><span class=\"wdform-required\">*<\/span><\/div><div class=\"wdform-element-section wd-flex  wd-flex-row wd-width-100\" ><input type=\"text\" class=\"wd-width-100\" id=\"wdform_3_element1\" name=\"wdform_3_element1\" data-value=\"\" value=\"\" title=\"\" placeholder=\"\"   onchange=\"wd_check_email('3', '1', 'Toto nen\u00ed platn\u00e1 e-mailov\u00e1 adresa.')\" \/><\/div><\/div><\/div><\/div><div class=\"wdform_column\"><div wdid=\"6\" class=\"wdform_row\"><div type=\"type_phone_new\" class=\"wdform-field wd-width-100 wd-flex wd-flex-column fm-type_phone_new\" ><div class=\"wdform-label-section wd-width-100 \">    <label  for=\"wdform_6_element1\" class=\"wdform-label\">Telefon<\/label><span class=\"wdform-required\">*<\/span><\/div><div class=\"wdform-element-section wd-flex  wd-width-100\" ><input type=\"text\"                       class=\"wd-width-100\"                       id=\"wdform_6_element1\"                       name=\"wdform_6_element1\"                       value=\"\"                       data-value=\"\"                       placeholder=\"\"  \/><\/div><\/div><\/div><\/div><div class=\"wdform_column\"><div wdid=\"5\" class=\"wdform_row\"><div type=\"type_textarea\" class=\"wdform-field wd-width-100 wd-flex wd-flex-column fm-type_textarea\" ><div class=\"wdform-label-section wd-width-100 \">    <label  for=\"wdform_5_element1\" class=\"wdform-label\">Zpr\u00e1va nebo dotaz<\/label><\/div><div class=\"wdform-element-section wd-flex  wd-width-100\" ><textarea class=\"wd-width-100\"                      id=\"wdform_5_element1\"                      name=\"wdform_5_element1\"                      placeholder=\"\"                      data-value=\"\"                      maxlength=\"\"                      style=\"height: 100px;\"                      ><\/textarea><\/div><\/div><\/div><\/div><div class=\"wdform_column\"><div wdid=\"1\" class=\"wdform_row\"><div type=\"type_submit_reset\" class=\"wdform-field wd-width-100 wd-flex wd-flex-column fm-type_submit_reset\" ><div class=\"wdform-element-section wd-flex  wd-flex-row wd-justify-content-left wd-width-100\" ><button  type=\"button\" class=\"button-submit\" onclick=\"fm_submit_form('1');\"  data-ajax=\"0\"><span class=\"fm-submit-loading spinner fm-ico-spinner\"><\/span>Odeslat<\/button><button  type=\"button\" class=\"button-reset \" onclick=\"fm_reset_form(1);\" >Smazat<\/button><\/div><\/div><\/div><\/div><\/div><div valign=\"top\" class=\"wdform_footer wd-width-100\"><div class=\"wd-width-100\"><div class=\"wd-width-100 wd-table\" style=\"padding-top:10px;\"><div class=\"wd-table-group\"><div id=\"1page_nav1\" class=\"wd-table-row\"><\/div><\/div><\/div><\/div><\/div><\/div><\/div><div class=\"wdform_preload\"><\/div><input type=\"hidden\" name=\"fm-current-page\" value=\"https:\/\/besfremach.cz\/index.php?rest_route=%2Fwp%2Fv2%2Fpages%2F16\" \/><\/form><\/div><\/div><\/div> <\/div><\/div> <\/div><\/div>","protected":false},"excerpt":{"rendered":"<p>\u201eB\u201c jako BEAUTY BEAUTY ozna\u010duj\u00edc\u00ed kr\u00e1su a to p\u0159edev\u0161\u00edm kr\u00e1su vlas\u016f, kter\u00e1 je umocn\u011bna vysp\u011blou vlasovou kosmetikou,kter\u00e1 p\u0159isp\u00edv\u00e1 k pocitu celkov\u00e9 du\u0161evn\u00ed i fyzick\u00e9 pohody. \u201eE\u201c jako EXPERIENCE EXPERIENCE ozna\u010duj\u00edc\u00ed aktivn\u00ed zku\u0161enost a to jak kade\u0159n\u00edk\u016f, tak obchodn\u00edch z\u00e1stupc\u016f, kte\u0159\u00ed se zna\u010dkou pracuj\u00ed. E je rovn\u011b\u017e ch\u00e1p\u00e1no jako EXKLUZIVN\u00cd \u0159ada vlasov\u00fdch p\u0159\u00edpravk\u016f, kter \u00e9 jsou&hellip; <br \/> <a class=\"read-more\" href=\"https:\/\/besfremach.cz\/\">V\u00edce<\/a><\/p>\n","protected":false},"author":1,"featured_media":0,"parent":0,"menu_order":0,"comment_status":"closed","ping_status":"closed","template":"page-templates\/homepage.php","meta":{"footnotes":""},"class_list":["post-16","page","type-page","status-publish","hentry"],"_links":{"self":[{"href":"https:\/\/besfremach.cz\/index.php?rest_route=\/wp\/v2\/pages\/16","targetHints":{"allow":["GET"]}}],"collection":[{"href":"https:\/\/besfremach.cz\/index.php?rest_route=\/wp\/v2\/pages"}],"about":[{"href":"https:\/\/besfremach.cz\/index.php?rest_route=\/wp\/v2\/types\/page"}],"author":[{"embeddable":true,"href":"https:\/\/besfremach.cz\/index.php?rest_route=\/wp\/v2\/users\/1"}],"replies":[{"embeddable":true,"href":"https:\/\/besfremach.cz\/index.php?rest_route=%2Fwp%2Fv2%2Fcomments&post=16"}],"version-history":[{"count":20,"href":"https:\/\/besfremach.cz\/index.php?rest_route=\/wp\/v2\/pages\/16\/revisions"}],"predecessor-version":[{"id":110,"href":"https:\/\/besfremach.cz\/index.php?rest_route=\/wp\/v2\/pages\/16\/revisions\/110"}],"wp:attachment":[{"href":"https:\/\/besfremach.cz\/index.php?rest_route=%2Fwp%2Fv2%2Fmedia&parent=16"}],"curies":[{"name":"wp","href":"https:\/\/api.w.org\/{rel}","templated":true}]}}